.
16
Calculate the remainder when 116477 is divided by 115.
97
Calculate the remainder when 10972 is divided by 192.
28
Calculate the remainder when 3653 is divided by 47.
34
What is the remainder when 239 is divided by 80?
79
Calculate the remainder when 82268 is divided by 41118.
32
Calculate the remainder when 2205 is divided by 839.
527
What is the remainder when 796756 is divided by 37?
35
What is the remainder when 984 is divided by 961?
23
What is the remainder when 6115786 is divided by 293?
290
Calculate the remainder when 107125 is divided by 56.
53
Calculate the remainder when 1701 is divided by 19.
10
What is the remainder when 813012 is divided by 89?
86
Calculate the remainder when 3579299 is divided by 615.
614
Calculate the remainder when 8967 is divided by 2112.
519
Calculate the remainder when 509045 is divided by 169678.
11
What is the remainder when 5970 is divided by 5965?
5
What is the remainder when 4276 is divided by 2125?
26
Calculate the remainder when 2260 is divided by 356.
124
What is the remainder when 11765 is divided by 221?
52
Calculate the remainder when 4148953 is divided by 73.
71
Calculate the remainder when 522057 is divided by 15.
12
Calculate the remainder when 17888 is divided by 298.
8
Calculate the remainder when 728322 is divided by 9.
6
What is the remainder when 219724 is divided by 133?
8
Calculate the remainder when 87504 is divided by 22.
10
What is the remainder when 15962 is divided by 3988?
10
What is the remainder when 537 is divided by 190?
157
What is the remainder when 57460 is divided by 438?
82
What is the remainder when 28790 is divided by 607?
261
Calculate the remainder when 3842 is divided by 11.
3
What is the remainder when 11978 is divided by 97?
47
What is the remainder when 5939 is divided by 14?
3
What is the remainder when 496 is divided by 42?
34
Calculate the remainder when 11591 is divided by 894.
863
What is the remainder when 8330 is divided by 1189?
7
What is the remainder when 6371 is divided by 9?
8
Calculate the remainder when 11207 is divided by 59.
56
Calculate the remainder when 50600 is divided by 1054.
8
What is the remainder when 571059 is divided by 140?
139
Calculate the remainder when 730 is divided by 46.
40
What is the remainder when 1012919 is divided by 460?
459
What is the remainder when 3713 is divided by 38?
27
Calculate the remainder when 580 is divided by 563.
17
Calculate the remainder when 63320 is divided by 17.
12
What is the remainder when 61932 is divided by 30891?
150
Calculate the remainder when 335982 is divided by 157.
2
What is the remainder when 48861 is divided by 164?
153
What is the remainder when 6645284 is divided by 52?
48
What is the remainder when 37 is divided by 12?
1
What is the remainder when 14782 is divided by 96?
94
Calculate the remainder when 4137 is divided by 414.
411
Calculate the remainder when 86197 is divided by 43073.
51
What is the remainder when 81983 is divided by 221?
213
What is the remainder when 6345 is divided by 52?
1
What is the remainder when 7079 is divided by 62?
11
What is the remainder when 6642 is divided by 29?
1
Calculate the remainder when 10152 is divided by 39.
12
Calculate the remainder when 3728 is divided by 3719.
9
What is the remainder when 10662 is divided by 627?
3
What is the remainder when 6384 is divided by 127?
34
Calculate the remainder when 23646 is divided by 159.
114
Calculate the remainder when 39848 is divided by 19919.
10
What is the remainder when 108800 is divided by 4352?
0
What is the remainder when 991 is divided by 287?
130
What is the remainder when 377 is divided by 78?
65
Calculate the remainder when 5342 is divided by 1553.
683
Calculate the remainder when 202755 is divided by 2.
1
Calculate the remainder when 55039 is divided by 18335.
34
What is the remainder when 18426 is divided by 190?
186
Calculate the remainder when 33087 is divided by 24.
15
Calculate the remainder when 39632 is divided by 3048.
8
Calculate the remainder when 3972 is divided by 1716.
540
What is the remainder when 53982 is divided by 1?
0
What is the remainder when 69964 is divided by 14?
6
Calculate the remainder when 15202 is divided by 249.
13
Calculate the remainder when 1204865 is divided by 26.
25
What is the remainder when 2170 is divided by 633?
271
What is the remainder when 2672 is divided by 241?
21
What is the remainder when 114348 is divided by 1710?
1488
Calculate the remainder when 4587 is divided by 16.
11
What is the remainder when 1632 is divided by 271?
6
What is the remainder when 1217 is divided by 264?
161
What is the remainder when 514318 is divided by 255?
238
Calculate the remainder when 819 is divided by 95.
59
What is the remainder when 14929 is divided by 199?
4
What is the remainder when 28937 is divided by 396?
29
Calculate the remainder when 2470382 is divided by 159.
158
Calculate the remainder when 780804 is divided by 292.
288
Calculate the remainder when 40889 is divided by 16.
9
Calculate the remainder when 4312 is divided by 4298.
14
What is the remainder when 17533 is divided by 1268?
1049
What is the remainder when 3786749 is divided by 306?
305
What is the remainder when 39485 is divided by 182?
173
Calculate the remainder when 87237 is divided by 43609.
19
What is the remainder when 60845 is divided by 22?
15
Calculate the remainder when 39864 is divided by 32.
24
What is the remainder when 17958 is divided by 26?
18
What is the remainder when 12434 is divided by 207?
14
Calculate the remainder when 15322 is divided by 1958.
1616
Calculate the remainder when 65583 is divided by 5.
3
What is the remainder when 1987 is divided by 1905?
82
What is the remainder when 1424 is divided by 317?
156
Calculate the remainder when 7120 is divided by 337.
43
Calculate the remainder when 4902 is divided by 609.
30
What is the remainder when 990 is divided by 28?
10
Calculate the remainder when 698831 is divided by 29.
18
What is the remainder when 29604 is divided by 191?
190
What is the remainder when 7313557 is divided by 14?
13
What is the remainder when 4007 is divided by 1992?
23
What is the remainder when 8236 is divided by 2053?
24
Calculate the remainder when 55648 is divided by 43.
6
Calculate the remainder when 78557 is divided by 69.
35
What is the remainder when 5791 is divided by 581?
562
Calculate the remainder when 47109 is divided by 24.
21
What is the remainder when 31063 is divided by 92?
59
Calculate the remainder when 7111 is divided by 2260.
331
What is the remainder when 422488 is divided by 324?
316
What is the remainder when 18758 is divided by 9292?
174
Calculate the remainder when 947873 is divided by 45.
38
Calculate the remainder when 10728 is divided by 3558.
54
What is the remainder when 41 is divided by 26?
15
What is the remainder when 43753 is divided by 19?
15
What is the remainder when 8826 is divided by 8777?
49
What is the remainder when 60310 is divided by 20089?
43
What is the remainder when 7918 is divided by 3958?
2
Calculate the remainder when 235882 is divided by 536.
42
What is the remainder when 97313 is divided by 147?
146
Calculate the remainder when 365325 is divided by 72.
69
What is the remainder when 48932 is divided by 12?
8
Calculate the remainder when 3578 is divided by 508.
22
What is the remainder when 116581 is divided by 257?
160
Calculate the remainder when 624 is divided by 44.
8
What is the remainder when 11858 is divided by 475?
458
Calculate the remainder when 28401 is divided by 70.
51
What is the remainder when 135814 is divided by 118?
114
What is the remainder when 22894 is divided by 4535?
219
Calculate the remainder when 1854 is divided by 80.
14
What is the remainder when 6356 is divided by 19?
10
What is the remainder when 181731 is divided by 181698?
33
What is the remainder when 239216 is divided by 14?
12
Calculate the remainder when 4950299 is divided by 60.
59
What is the remainder when 11356 is divided by 2839?
0
What is the remainder when 3123 is divided by 68?
63
Calculate the remainder when 12982 is divided by 542.
516
What is the remainder when 12450 is divided by 24?
18
Calculate the remainder when 90276 is divided by 30.
6
What is the remainder when 6467 is divided by 162?
149
Wh